st common factor of 55 and r?
11
Let m be (1/(-1))/(3 - 4). Calculate the highest common factor of 5 and m.
1
Let x(s) = 3*s - 4. Let p be x(8). What is the highest common factor of 10 and p?
10
Let q be (-2)/(-3)*(-54)/(-6). Calculate the highest common divisor of 24 and q.
6
Let h(x) = -4*x - 9. Let i be h(-4). Suppose i*o = 8*o - 17. Calculate the highest common divisor of 51 and o.
17
Let u be -3 + -3 + 28 - -2. What is the highest common factor of u and 32?
8
Let w be 12/(3/(-2) - -3). Suppose -n - 4*a = 3*n - w, 2*a = -n - 3. What is the greatest common divisor of 28 and n?
7
Let i(a) = -2*a**2 + 17*a + 4. Let q be i(8). Suppose -9 = -2*v + 3*v + 4*j, -5*j = v + q. What is the greatest common divisor of v and 9?
3
Let f(g) = -g**3 + 4*g**2 + 3. Let o be f(4). Suppose 0 = -o*z + 82 + 71. Let c be 34*((-1)/2 + 1). What is the greatest common divisor of z and c?
17
Let t be (-4)/14 - (-2034)/14. Suppose 0 = 5*m - 5*d - 10 - t, 2*m = -4*d + 44. What is the greatest common divisor of m and 7?
7
Suppose -t + 4*p = 6, -10 = 2*t - 5*p - 4. Let f be ((-8)/1)/(t/(-10)). Let h = 9 - 5. Calculate the highest common divisor of h and f.
4
Let f(z) = z**2 + 7*z + 6. Let o be f(-8). Suppose 4*w = w + 48. Suppose 2 = -2*q + w. What is the highest common factor of o and q?
7
Let o = -9 - -13. Suppose k - 5 = 3. What is the highest common divisor of o and k?
4
Suppose -48 = -2*o - 0*o. Suppose -2*g - o = -6*g. Let q be ((-4)/8)/((-2)/264). Calculate the highest common divisor of g and q.
6
Suppose -2*p - p + 84 = 0. Let b = -17 + p. Let q(z) = 6*z - 3. Let r be q(6). Calculate the greatest common divisor of r and b.
11
Let w be 6/(-9)*(78/(-4) - -3). What is the highest common divisor of 11 and w?
11
Suppose -k - b = -78, -4*k = -3*k + 5*b - 70. Let s be (-531)/(-21) + (-2)/7. Let m = -9 + s. Calculate the highest common divisor of m and k.
16
Let w(y) = y**3 + 4*y**2 + y - 3. Let k be w(-3). Suppose u + k*r + r - 16 = 0, -4 = -2*r. What is the greatest common divisor of u and 8?
8
Let w(j) = j**2 + j + 28. Let s be w(0). Suppose -7*m = -3*m - s. Calculate the greatest common divisor of m and 49.
7
Let n(u) = u**3 - u**2 + 2*u + 14. Let t be n(0). What is the greatest common divisor of t and 112?
14
Let y be (-6)/(-27) - 394/(-9). Let g be 8 - 9 - 46/(-2). What is the greatest common factor of y and g?
22
Let k(n) = -n**3 + 5*n**2 + 7*n - 5. Let q be k(6). Let u be -4 - (-8 + q + -4). What is the greatest common factor of u and 63?
7
Suppose 5*u - 3*z = 24, -4*u - 2*z + 9 = u. Let p(o) = o**2 - o - 1. Let q be p(u). Suppose a - 34 = 6. Calculate the highest common divisor of a and q.
5
Let a = 35 + 3. Suppose d - 4*g - a = g, 2*d + g = 21. Suppose 5 + d = 2*u. What is the highest common factor of u and 45?
9
Let i(d) = 3*d + 14*d + 0 + 3 - 2. Let g be i(1). What is the highest common divisor of g and 144?
18
Suppose 0*m = -5*k + m + 5, 5*k - 10 = 2*m. Suppose k = 5*v - 25, -4*z + 5*v = -68 + 225. Let y = 96 + z. Calculate the greatest common divisor of 9 and y.
9
Let u be (-6 + 7)/((-1)/(-36)). Suppose 2*o + u = 4*o. Let x = -1 + o. Calculate the greatest common divisor of x and 136.
17
Suppose 0 = 5*n - 2*n - 9. Let h = n - 2. What is the greatest common divisor of h and 5?
1
Suppose 11*p - 16*p + 140 = 0. Calculate the greatest common divisor of p and 70.
14
Suppose -5*d + 9*d = 200. What is the greatest common factor of 20 and d?
10
Let v = 10 - 16. Let a(c) = -2*c + 6. Let t be a(6). Let x be (20/t + 2)*v. What is the highest common divisor of 8 and x?
8
Let b = -12 - -20. Let l = b - 3. Let i = -1 + l. What is the greatest common divisor of i and 8?
4
Suppose 5*f - 2*p = 555, 3*f + p - 334 = 2*p. Suppose -f = -2*g + 5*k, -4*g - 4*k + 283 = 43. Let a = -37 + g. Calculate the greatest common factor of a and 2.
2
Let d(c) = c**3 + 5*c**2 - 3*c + 29. Let i be d(-6). Let z(w) = w - 2. Let b be z(4). Let o be (-3)/b*44/(-6). What is the highest common factor of o and i?
11
Let i(v) = v - 1. Let d be i(4). Let c be 34/d*(-54)/(-4). Calculate the highest common divisor of c and 17.
17
Suppose 6*w = 4*w. Suppose 3*o + 80 - 305 = w. Calculate the highest common divisor of 15 and o.
15
Let r(y) = -y**3 + 4*y**2 + 6*y. Let s be r(5). Suppose 5*a + 19 = 2*l - 0, -2*a - 37 = -s*l. What is the highest common factor of l and 49?
7
Let o(k) = 6*k**2 - k + 3. Let i be o(-3). Let c(r) = -40*r**2 + 2*r - 1. Let t be c(1). Let p = i + t. What is the highest common divisor of 3 and p?
3
Suppose -t - 34 = -3*m + t, t + 37 = 4*m. Suppose a + m = 5*a. Let x = -1 - -2. What is the highest common divisor of a and x?
1
Suppose -165 - 15 = -4*g. Calculate the greatest common factor of g and 5.
5
Suppose -5*m = -384 + 109. What is the greatest common factor of m and 11?
11
Let b(c) = c**3 - 26*c**2 + 26*c - 1. Let h be b(25). Calculate the greatest common divisor of h and 8.
8
Let a be (0 - -32)*(-15)/(-10). Let k = -33 + a. Suppose k = 5*z - 3*w, -4*z = -2*w - 5 - 7. Calculate the highest common divisor of 33 and z.
3
Let p be 1/2*350/5. Calculate the highest common factor of 7 and p.
7
Suppose -5*x - 21 = -321. Calculate the greatest common factor of x and 24.
12
Let a = -17 + 21. What is the greatest common divisor of 20 and a?
4
Suppose -x = -2*x + 36. What is the greatest common divisor of 90 and x?
18
Let v = 294 + -158. Calculate the greatest common divisor of 17 and v.
17
Suppose -22 = -8*u + 66. What is the greatest common divisor of u and 121?
11
Let g = -53 + 59. Let r = 75 - 41. Let j = r - 16. What is the highest common divisor of j and g?
6
Let b(u) = u**2 + u - 2. Let o be b(10). Let z be (-4)/(-10) - (-88)/5. Suppose -5*l = -72 - z. Calculate the highest common factor of l and o.
18
Let g(f) = -4*f - 2. Let i be g(-3). Let c be (-3 - -4) + i - 0. Let s = 16 - c. Calculate the greatest common factor of s and 1.
1
Suppose -r - 3*q - 1 = 0, -r - 2*q + 2 = -0*q. Suppose b + z - 10 = 0, -r*z + 4*z + 22 = 2*b. What is the greatest common factor of b and 27?
9
Let r be (126/5)/((-8)/(-20)). Calculate the highest common divisor of 9 and r.
9
Let u be (2*24)/(-4 - (-25)/5). Let x(m) = m**2 - 2*m + 1. Let h be x(5). Calculate the highest common divisor of u and h.
16
Let p be -5 + 1 + 1055/5. What is the highest common factor of p and 23?
23
Suppose 0 = -k - 2*k + 9. Suppose 5*o + 7*r = 4*r + 159, -2*r = -2*o + 70. Calculate the highest common divisor of o and k.
3
Let w be 25/3 + 1/(-3). Let o be (-16)/6*(-9)/6. Suppose 3*t - o = t. What is the highest common divisor of t and w?
2
Let w be 2/4 - (-10)/(-4). Let k = -5 - -7. Let z be 12 - (w + k)/2. Calculate the highest common factor of z and 24.
12
Suppose 5*g = -1 + 71. Let z be 4/g + 192/14. Calculate the greatest common factor of z and 70.
14
Let n(m) = m**2 + 8*m - 4. Let d be n(8). Calculate the highest common factor of 31 and d.
31
Let g be (-6)/((-165)/(-84) - 2). What is the highest common divisor of g and 21?
21
Let r = -45 + 47. What is the greatest common factor of 22 and r?
2
Let j(c) = 9*c**2 - c + 3. Let o be j(4). Calculate the greatest common factor of 13 and o.
13
Let j = 201 - 179. Calculate the greatest common factor of 88 and j.
22
Suppose -6*b + b = -250. Let w(y) = -2*y**3 - 2*y**2 + y - 1. Let v be w(-2). Let n = 5 + v. Calculate the greatest common divisor of n and b.
10
Suppose -l + 5 = 4*l. Let g(h) = -h**3 - 7*h**2 + h + 9. Let c be g(-7). Suppose c*p - 1 = p. What is the greatest common divisor of l and p?
1
Suppose 3 + 0 = -3*o. Let q be 23*(1 - 0/o). What is the highest common factor of 207 and q?
23
Let f = -14 + 3. Let m(j) = -j**3 - 12*j**2 - 14*j - 1. Let z be m(f). Calculate the highest common divisor of z and 4.
4
Let h be 12/28 - (-36)/14. Calculate the highest common divisor of h and 3.
3
Suppose 27*y - 360 = 24*y. What is the greatest common factor of y and 80?
40
Let p(h) = h**3 - 14*h**2 - 3*h - 24. Let o be p(16). What is the highest common factor of 40 and o?
40
Suppose 2*y + 14 + 6 = 0. Let p be (-38)/(-19) - (y - -1). Let n(q) = 2*q**2 + 4*q + 7. Let r be n(-7). What is the highest common factor of r and p?
11
Let l(d) = 12*d. Let a be l(3). Let j be (-2)/10 - a/20. Let h be (j - 2/(-8))*-56. What is the highest common factor of h and 14?
14
Let w(s) = -s**2 + 15*s - 30. Le